me factors of 52500332?
2, 13125083
List the prime factors of 25546852.
2, 17, 31, 12119
List the prime factors of 634933923.
3, 13, 2617, 6221
List the prime factors of 1672130778.
2, 3, 17, 29, 449, 1259
List the prime factors of 106841657.
13, 8218589
List the prime factors of 51651282.
2, 3, 251, 34297
What are the prime factors of 1801889227?
1801889227
List the prime factors of 9597926.
2, 13, 19, 19429
What are the prime factors of 1428575464?
2, 41, 223, 19531
List the prime factors of 45948973.
7, 19, 173, 1997
What are the prime factors of 228258477?
3, 25362053
List the prime factors of 1641857523.
3, 1583, 345727
List the prime factors of 250926436.
2, 79, 794071
List the prime factors of 379937458.
2, 189968729
List the prime factors of 671503834.
2, 31, 2707, 4001
What are the prime factors of 1031357813?
241, 947, 4519
What are the prime factors of 2358826368?
2, 3, 37, 166021
What are the prime factors of 90638380?
2, 5, 7, 647417
List the prime factors of 280354496.
2, 43, 101873
List the prime factors of 360690734.
2, 17, 2377, 4463
What are the prime factors of 2022849958?
2, 17, 167, 356261
List the prime factors of 130708120.
2, 5, 3267703
List the prime factors of 30441098.
2, 23, 179, 3697
List the prime factors of 111710473.
7, 15958639
List the prime factors of 31663270.
2, 5, 61, 51907
What are the prime factors of 3278460116?
2, 139, 431, 13681
List the prime factors of 189513254.
2, 7, 163, 83047
List the prime factors of 14421898.
2, 7210949
List the prime factors of 2189081964.
2, 3, 47, 3881351
List the prime factors of 1488425577.
3, 496141859
What are the prime factors of 117307095?
3, 5, 811, 9643
What are the prime factors of 1662344030?
2, 5, 166234403
What are the prime factors of 142811684?
2, 35702921
List the prime factors of 1959180179.
11, 178107289
List the prime factors of 92582112.
2, 3, 7, 137771
What are the prime factors of 29287342?
2, 7, 2091953
What are the prime factors of 24029668?
2, 13, 462109
What are the prime factors of 77664596?
2, 907, 21407
What are the prime factors of 32223479?
32223479
What are the prime factors of 199152650?
2, 5, 1049, 3797
List the prime factors of 476973201.
3, 67, 2373001
List the prime factors of 1165378045.
5, 13, 43, 53, 7867
What are the prime factors of 112825965?
3, 5, 7, 1074533
What are the prime factors of 68197449?
3, 149, 152567
List the prime factors of 205465692.
2, 3, 17122141
List the prime factors of 27215516.
2, 61, 111539
List the prime factors of 1197743524.
2, 577, 518953
What are the prime factors of 104929941?
3, 167, 209441
What are the prime factors of 134299968?
2, 3, 11, 63589
List the prime factors of 136259364.
2, 3, 107, 106121
What are the prime factors of 3961038364?
2, 47, 709, 29717
What are the prime factors of 4768331330?
2, 5, 7, 68119019
List the prime factors of 92423730.
2, 3, 5, 7, 17, 25889
List the prime factors of 727253660.
2, 5, 7, 5194669
List the prime factors of 1694965599.
3, 53, 1091, 3257
List the prime factors of 23731806.
2, 3, 7, 59, 61, 157
List the prime factors of 38219399.
23, 1661713
What are the prime factors of 2062858171?
11, 3767, 49783
List the prime factors of 866903793.
3, 7, 883, 46751
What are the prime factors of 238726317?
3, 19, 229, 18289
What are the prime factors of 237988438?
2, 118994219
List the prime factors of 452557711.
452557711
List the prime factors of 120250708.
2, 30062677
List the prime factors of 284561062.
2, 17, 19, 440497
What are the prime factors of 113799790?
2, 5, 13, 37, 59, 401
List the prime factors of 1596205015.
5, 6577, 48539
What are the prime factors of 22162232?
2, 199, 13921
What are the prime factors of 557434599?
3, 5113, 36341
List the prime factors of 321326757.
3, 29, 53, 89
List the prime factors of 112452160.
2, 5, 351413
What are the prime factors of 219486937?
219486937
What are the prime factors of 98021303?
17, 5765959
List the prime factors of 2004640867.
17, 251, 469801
What are the prime factors of 164686018?
2, 7, 97, 121271
What are the prime factors of 1132468096?
2, 19, 29, 16057
What are the prime factors of 7568021?
7568021
What are the prime factors of 1332792508?
2, 383, 691, 1259
What are the prime factors of 1302222806?
2, 651111403
List the prime factors of 205188867.
3, 13, 283, 6197
List the prime factors of 9755149.
9755149
What are the prime factors of 1805159244?
2, 3, 7, 401, 53591
List the prime factors of 2707336.
2, 67, 5051
What are the prime factors of 4562782?
2, 7, 46559
What are the prime factors of 734996834?
2, 11, 13, 67, 317
What are the prime factors of 47778639?
3, 15926213
What are the prime factors of 204835693?
31, 1511, 4373
What are the prime factors of 278217420?
2, 3, 5, 13, 103, 3463
List the prime factors of 88175964.
2, 3, 311, 23627
List the prime factors of 97131319.
17, 5713607
What are the prime factors of 2494730574?
2, 3, 7, 19799449
List the prime factors of 535711131.
3, 2417, 8209
List the prime factors of 337728310.
2, 5, 33772831
What are the prime factors of 39708123?
3, 7, 13, 145451
What are the prime factors of 1837152021?
3, 612384007
What are the prime factors of 119201153?
521, 228793
List the prime factors of 3530151137.
3530151137
List the prime factors of 106501280.
2, 5, 665633
What are the prime factors of 1586331709?
1586331709
List the prime factors of 34030457.
34030457
List the prime factors of 962417868.
2, 3, 19, 83, 50857
List the prime factors of 1634808370.
2, 5, 13, 37, 71, 4787
List the prime factors of 105541373.
7, 15077339
List the prime factors of 464789597.
37, 1427, 8803
What are the prime factors of 154737096?
2, 3, 149, 43271
What are the prime factors of 817468741?
817468741
List the prime factors of 189079159.
23, 29, 67, 4231
List the prime factors of 280080830.
2, 5, 139, 201497
What are the prime factors of 407725679?
10513, 38783
What are the prime factors of 814251325?
5, 32570053
List the prime factors of 32029588.
2, 293, 27329
What are the prime factors of 566008236?
2, 3, 157, 3709
What are the prime factors of 1839011161?
13, 23, 6150539
List the prime factors of 101402338.
2, 50701169
What are the prime factors of 226030177?
23, 9827399
List the prime factors of 675215579.
6607, 102197
List the prime factors of 216299301.
3, 72099767
List the prime factors of 3095137436.
2, 17, 47, 229, 4229
What are the prime factors of 207965724?
2, 3, 23, 753499
List the prime factors of 42899238.
2, 3, 2383291
List the prime factors of 223878319.
7, 31982617
List the prime factors of 33135025.
5, 7, 11, 2459
List the prime factors of 1744325722.
2, 25253, 34537
What are the prime factors of 12934028?
2, 1021, 3167
List the prime factors of 2434587196.
2, 587, 1036877
What are the prime factors of 1269050859?
3, 419, 336529
List the prime factors of 22596921.
3, 53, 15791
What are the prime factors of 851782962?
2, 3, 997, 142391
List the prime factors of 30503915.
5, 13, 439, 1069
List the prime factors of 331660551.
3, 607, 182131
What are the prime factors of 170335327?
170335327
List the prime factors of 65018845.
5, 709, 18341
List the prime factors of 116606912.
2, 29, 62827
What are the prime factors of 623404201?
7, 61, 1459963
List the prime factors of 1131493580.
2, 5, 7, 29, 229, 1217
List the prime factors of 2914420.
2, 5, 145721
What are the prime factors of 29565973?
239, 123707
What are the prime factors of 29997339?
3, 29, 344797
What are the prime factors of 2734544597?
211, 12959927
List the prime factors of 158318740.
2, 5, 131, 60427
List the prime factors of 487740743.
7, 69677249
What are the prime factors of 679729239?
3, 7, 103, 113
List the prime factors of 186002921.
13, 67, 16427
List the prime factors of 61102477.
4057, 15061
What are the prime factors of 76445116?
2, 11, 739, 2351
What are the prime factors of 150135871?
29, 5177099
What are the prime factors of 2601099211?
2601099211
What are the prime factors of 61909189?
17, 193, 18869
What are the prime factors of 255512421?
3, 59, 160397
List the prime factors of 4287225547.
11, 67, 103, 56477
List the prime factors of 93557568.
2, 3, 13, 37483
List the prime factors of 6698894223.
3, 7, 45570709
What are the prime factors of 244207621?
7, 43, 115903
What are the prime fact